Calculate the highest common factor of 1206 and 13802.
134
What is the highest common divisor of 2245 and 85?
5
What is the greatest common factor of 11544 and 210456?
888
What is the greatest common factor of 80 and 38260?
20
Calculate the highest common divisor of 88 and 74338.
22
Calculate the highest common divisor of 77 and 191884.
77
Calculate the highest common factor of 3293 and 888.
37
Calculate the greatest common divisor of 14 and 850.
2
Calculate the highest common divisor of 50002 and 874.
46
Calculate the highest common factor of 2256 and 1525432.
376
Calculate the greatest common factor of 210 and 66270.
30
What is the greatest common divisor of 260460 and 1395?
45
What is the highest common divisor of 9 and 426?
3
Calculate the greatest common factor of 1442995 and 1435.
205
What is the greatest common factor of 378 and 4833?
27
What is the greatest common factor of 54117 and 21?
21
Calculate the greatest common factor of 4 and 2671560.
4
What is the highest common factor of 3952 and 1963?
13
Calculate the highest common divisor of 863 and 2436249.
863
What is the greatest common divisor of 2358470 and 380?
190
Calculate the highest common divisor of 206 and 2485699.
103
Calculate the greatest common divisor of 3331 and 3.
1
What is the highest common factor of 70821 and 113643?
1647
What is the greatest common factor of 2070 and 2985?
15
What is the highest common factor of 684 and 5162604?
228
What is the greatest common factor of 246275 and 25?
25
What is the highest common factor of 238 and 9058?
14
Calculate the greatest common factor of 898702 and 2254.
322
Calculate the highest common divisor of 2 and 158854.
2
Calculate the highest common factor of 103960 and 460.
460
Calculate the highest common factor of 97908 and 156.
12
Calculate the greatest common factor of 156390 and 1170.
390
What is the highest common factor of 9528 and 3408?
24
What is the greatest common factor of 105171 and 33?
33
What is the highest common factor of 96 and 122208?
96
Calculate the highest common factor of 2449 and 84293.
79
Calculate the greatest common factor of 2744 and 24500.
196
What is the highest common divisor of 5890 and 17195?
95
Calculate the highest common divisor of 43489 and 6371.
277
What is the highest common divisor of 336 and 51968?
112
Calculate the greatest common divisor of 19 and 17328.
19
What is the highest common divisor of 4095 and 5265?
585
Calculate the highest common divisor of 110 and 14611190.
110
Calculate the greatest common divisor of 17 and 345865.
17
Calculate the highest common factor of 3024 and 28134.
54
Calculate the highest common factor of 1775 and 9727.
71
Calculate the highest common divisor of 572 and 30404.
44
What is the highest common divisor of 969 and 2704479?
969
What is the greatest common divisor of 4681 and 155228?
151
Calculate the greatest common factor of 4375 and 81200.
175
What is the highest common factor of 89 and 33731?
89
What is the highest common divisor of 200 and 390840?
40
What is the greatest common divisor of 4715 and 5617?
41
Calculate the greatest common divisor of 1300 and 25.
25
What is the greatest common divisor of 210 and 16905?
105
Calculate the greatest common divisor of 2432 and 24624.
304
What is the highest common factor of 201572 and 368?
92
What is the highest common divisor of 930 and 2263?
31
What is the greatest common divisor of 6 and 61356?
6
Calculate the greatest common divisor of 250 and 276000.
250
Calculate the greatest common factor of 19364 and 9785.
103
Calculate the greatest common divisor of 5945 and 15.
5
Calculate the greatest common divisor of 1426 and 99107.
713
What is the highest common divisor of 3424 and 83616?
32
Calculate the highest common factor of 183 and 30439.
61
What is the highest common divisor of 13529 and 1328?
83
Calculate the highest common divisor of 1452 and 232804.
484
Calculate the highest common factor of 624 and 568776.
312
What is the greatest common divisor of 4616 and 2664?
8
What is the greatest common factor of 1166006 and 358?
358
What is the greatest common factor of 14144 and 165971?
221
What is the greatest common factor of 1213029 and 135?
27
What is the greatest common divisor of 2868 and 33221?
239
Calculate the greatest common factor of 1482 and 46618.
26
Calculate the highest common factor of 2450730 and 5.
5
What is the highest common divisor of 127645 and 59915?
2605
Calculate the highest common divisor of 87324 and 8426.
766
What is the highest common divisor of 177 and 4661?
59
What is the highest common divisor of 300 and 42420?
60
Calculate the greatest common divisor of 46725 and 1500.
75
Calculate the highest common divisor of 24 and 13352.
8
Calculate the highest common divisor of 28155 and 495.
15
Calculate the greatest common factor of 79646 and 266.
14
What is the highest common factor of 27082 and 638?
22
What is the greatest common divisor of 4712 and 1709278?
1178
What is the greatest common divisor of 7 and 24262?
7
Calculate the greatest common divisor of 8639 and 1141.
163
What is the highest common divisor of 109 and 105294?
109
Calculate the highest common factor of 78990 and 1110.
30
What is the greatest common factor of 586 and 249929?
293
What is the greatest common factor of 655 and 16637?
131
What is the highest common factor of 11357 and 63099?
41
Calculate the greatest common factor of 93214 and 220.
22
What is the greatest common factor of 16235968 and 448?
448
What is the greatest common factor of 325 and 1027?
13
What is the highest common factor of 362090 and 380?
10
Calculate the highest common factor of 752 and 505456.
16
What is the greatest common divisor of 168 and 1202166?
42
What is the highest common factor of 18 and 956979?
9
What is the greatest common divisor of 38913 and 4641?
357
What is the greatest common divisor of 15152424 and 606?
606
Calculate the highest common factor of 79701 and 186.
93
Calculate the greatest common divisor of 56710 and 91690.
530
What is the greatest common factor of 1875 and 92925?
75
What is the greatest common factor of 12810 and 5856?
366
What is the greatest common divisor of 1342 and 451?
11
Calculate the greatest common divisor of 2802937 and 19.
19
Calculate the greatest common factor of 2622 and 3.
3
What is the greatest common factor of 1151415 and 90?
45
What is the greatest common factor of 20826 and 4450?
178
Calculate the greatest common divisor of 290 and 1701720.
290
Calculate the greatest common factor of 1544 and 12375160.
1544
Calculate the greatest common divisor of 28 and 123148.
4
Calculate the greatest common divisor of 156 and 3468.
12
Calculate the greatest common factor of 26216940 and 2370.
2370
What is the highest common divisor of 26672 and 6032?
16
What is the greatest common factor of 611943 and 4023?
447
What is the highest common factor of 11 and 10289873?
11
What is the greatest common divisor of 10 and 177300?
10
What is the greatest common factor of 129883 and 74399?
1261
Calculate the highest common factor of 64 and 273744.
16
What is the highest common divisor of 130 and 1079325?
65
Calculate the greatest common factor of 168 and 5656.
56
What is the greatest common factor of 447764 and 6908?
628
What is the highest common factor of 12024 and 54609?
501
Calculate the greatest common divisor of 310215 and 60.
15
Calculate the greatest common factor of 35332 and 146.
146
What is the greatest common factor of 18 and 31707?
9
Calculate the highest common divisor of 405 and 563679.
81
What is the highest common divisor of 648 and 6714?
18
Calculate the highest common factor of 1014 and 770133.
507
What is the highest common factor of 41440 and 182?
14
Calculate the highest common factor of 205848 and 234.
18
Calculate the greatest common divisor of 1401760 and 1280.
160
What is the highest common factor of 110 and 306900?
110
What is the highest common divisor of 3236934 and 4776?
1194
What is the highest common divisor of 63566 and 74?
74
Calculate the highest common divisor of 32 and 1071.
1
What is the greatest common divisor of 4239 and 530817?
471
What is the highest common factor of 477912 and 32?
8
Calculate the highest common factor of 21644 and 40.
4
What is the highest common divisor of